ctor of 319 and 11.
11
Calculate the greatest common factor of 198 and 44.
22
Calculate the greatest common factor of 1351 and 14.
7
Calculate the highest common divisor of 60 and 24.
12
Calculate the greatest common divisor of 55 and 2035.
55
Calculate the highest common divisor of 64 and 5760.
64
Calculate the greatest common factor of 564 and 24.
12
Calculate the greatest common factor of 36 and 93.
3
What is the greatest common divisor of 4743 and 27?
9
Calculate the greatest common divisor of 1357 and 46.
23
What is the greatest common factor of 112 and 16?
16
Calculate the greatest common factor of 315 and 560.
35
What is the greatest common divisor of 64 and 7584?
32
Calculate the highest common divisor of 74 and 814.
74
What is the highest common divisor of 102 and 544?
34
Calculate the highest common factor of 177 and 1888.
59
What is the highest common divisor of 228 and 2356?
76
Calculate the greatest common divisor of 430 and 160.
10
Calculate the highest common factor of 4224 and 288.
96
What is the highest common factor of 557 and 2?
1
Calculate the greatest common divisor of 1196 and 884.
52
What is the highest common factor of 120 and 72?
24
What is the greatest common divisor of 4275 and 135?
45
What is the highest common factor of 3 and 147?
3
What is the highest common divisor of 175 and 105?
35
What is the greatest common factor of 176 and 396?
44
Calculate the greatest common divisor of 10086 and 41.
41
Calculate the highest common factor of 140 and 100.
20
What is the highest common factor of 225 and 6615?
45
Calculate the greatest common divisor of 930 and 2046.
186
What is the highest common divisor of 203 and 15863?
29
What is the highest common divisor of 504 and 696?
24
Calculate the highest common factor of 71 and 1.
1
What is the highest common factor of 68 and 578?
34
What is the greatest common divisor of 360 and 680?
40
What is the highest common factor of 100995 and 15?
15
Calculate the highest common divisor of 1950 and 600.
150
Calculate the greatest common divisor of 288 and 522.
18
What is the highest common divisor of 669 and 90?
3
What is the greatest common factor of 3605 and 1715?
35
Calculate the greatest common factor of 102 and 272.
34
What is the greatest common factor of 201 and 6566?
67
Calculate the greatest common factor of 10 and 110.
10
What is the greatest common divisor of 15 and 300?
15
What is the highest common divisor of 2 and 194?
2
What is the greatest common factor of 11448 and 24?
24
Calculate the greatest common factor of 1020 and 24.
12
Calculate the highest common factor of 24 and 1500.
12
Calculate the greatest common divisor of 2145 and 198.
33
Calculate the highest common divisor of 125 and 16775.
25
Calculate the highest common divisor of 1919 and 19.
19
What is the greatest common divisor of 8862 and 42?
42
What is the greatest common divisor of 648 and 96?
24
Calculate the highest common divisor of 32 and 15056.
16
What is the greatest common divisor of 144 and 792?
72
Calculate the highest common divisor of 180 and 855.
45
Calculate the greatest common factor of 392 and 882.
98
Calculate the greatest common divisor of 2214 and 54.
54
Calculate the greatest common divisor of 5 and 9165.
5
Calculate the greatest common factor of 121 and 176.
11
What is the greatest common factor of 1819 and 535?
107
What is the highest common factor of 70 and 1610?
70
Calculate the greatest common factor of 8226 and 36.
18
What is the greatest common factor of 72 and 424?
8
What is the greatest common divisor of 32 and 2592?
32
Calculate the highest common divisor of 28 and 2590.
14
Calculate the highest common divisor of 56 and 8.
8
Calculate the highest common divisor of 3201 and 33.
33
What is the greatest common factor of 600 and 72?
24
Calculate the greatest common factor of 29 and 1363.
29
Calculate the greatest common factor of 1938 and 798.
114
What is the greatest common factor of 468 and 16536?
156
What is the greatest common factor of 4524 and 986?
58
What is the greatest common factor of 38606 and 194?
194
What is the greatest common divisor of 27 and 951?
3
What is the highest common divisor of 39 and 14976?
39
What is the greatest common divisor of 130 and 5?
5
Calculate the highest common divisor of 2040 and 100.
20
Calculate the greatest common factor of 21 and 91.
7
What is the highest common factor of 68 and 153?
17
What is the highest common divisor of 44 and 916?
4
What is the highest common factor of 2580 and 240?
60
What is the greatest common factor of 11 and 36817?
11
What is the greatest common divisor of 13 and 2938?
13
Calculate the highest common factor of 33335 and 295.
295
What is the highest common factor of 265 and 212?
53
Calculate the highest common factor of 386 and 2509.
193
What is the greatest common factor of 3090 and 120?
30
What is the highest common divisor of 92 and 3?
1
Calculate the highest common divisor of 129 and 6.
3
What is the highest common factor of 6055 and 35?
35
What is the highest common divisor of 50 and 925?
25
What is the highest common divisor of 470 and 3008?
94
Calculate the greatest common divisor of 11 and 42768.
11
Calculate the greatest common factor of 4185 and 75.
15
What is the highest common divisor of 12 and 102?
6
What is the highest common factor of 160 and 128?
32
What is the greatest common factor of 76 and 1102?
38
Calculate the greatest common factor of 9 and 1293.
3
Calculate the greatest common factor of 15 and 9255.
15
Calculate the highest common factor of 36 and 288.
36
Calculate the highest common divisor of 51 and 27.
3
Calculate the highest common factor of 1199 and 5123.
109
Calculate the greatest common divisor of 40 and 90.
10
What is the highest common factor of 4636 and 9028?
244
What is the greatest common factor of 121 and 2057?
121
Calculate the greatest common factor of 420 and 29190.
210
Calculate the highest common divisor of 26 and 26.
26
Calculate the highest common divisor of 22 and 80.
2
Calculate the greatest common divisor of 176 and 968.
88
Calculate the highest common divisor of 18 and 264.
6
What is the greatest common divisor of 1424 and 16?
16
Calculate the greatest common factor of 555 and 111.
111
Calculate the greatest common divisor of 1407 and 8241.
201
What is the greatest common divisor of 1728 and 81?
27
What is the highest common divisor of 8 and 8408?
8
Calculate the greatest common factor of 925 and 37.
37
What is the highest common factor of 9 and 180?
9
What is the highest common divisor of 2 and 206?
2
What is the highest common divisor of 10 and 8485?
5
Calculate the highest common divisor of 72 and 34344.
72
What is the greatest common divisor of 128 and 3968?
128
What is the greatest common divisor of 12 and 159?
3
What is the highest common divisor of 96 and 224?
32
What is the greatest common factor of 84 and 24?
12
Calculate the highest common divisor of 209 and 304.
19
Calculate the highest common divisor of 17 and 508.
1
What is the highest common factor of 650 and 494?
26
What is the greatest common divisor of 344 and 2021?
43
Calculate the highest common divisor of 3 and 2.
1
What is the highest common factor of 40 and 70?
10
Calculate the highest common factor of 532 and 76.
76
What is the greatest common divisor of 50 and 2370?
10
Calculate the highest common divisor of 20 and 10930.
10
What is the highest common factor of 13125 and 60?
15
Calculate the greatest common divisor of 119 and 2771.
17
What is the greatest common divisor of 60 and 834?
6
What is the highest common divisor of 84 and 1400?
28
Calculate the highest common divisor of 37 and 10582.
37
Calculate the greatest common divisor of 12 and 15164.
4
What is the highest common factor of 3111 and 102?
51
What is the greatest common divisor of 19 and 1539?
19
Calculate the greatest common divisor of 155 and 10.
5
Calculate the highest common factor of 161 and 35.
7
What is the greatest common divisor of 1096 and 8?
8
What is the highest common divisor of 38 and 1501?
19
What is the highest common divisor of 315 and 975?
15
Calculate the greatest common factor of 192 and 12.
12
Calculate the highest common divisor of 12 and 324.
12
What is the highest common factor of 1960 and 20?
20
Calculate th